{"id":12,"date":"2026-03-02T08:45:53","date_gmt":"2026-03-02T07:45:53","guid":{"rendered":"https:\/\/site21.monsitecommeunpro.fr\/?page_id=12"},"modified":"2026-03-16T10:29:23","modified_gmt":"2026-03-16T09:29:23","slug":"page-daccueil","status":"publish","type":"page","link":"https:\/\/site21.monsitecommeunpro.fr\/","title":{"rendered":"Page d&rsquo;accueil"},"content":{"rendered":"\n<h1 class=\"wp-block-heading\">\ud83c\udf0d Guerre en Iran<\/h1>\n\n\n\n<div class=\"wp-block-uagb-image uagb-block-684cf155 wp-block-uagb-image--layout-default wp-block-uagb-image--effect-static wp-block-uagb-image--align-none\"><figure class=\"wp-block-uagb-image__figure\"><\/figure><\/div>\n\n\n\n<h2 class=\"wp-block-heading\">Comprendre. Analyser. Informer.<\/h2>\n\n\n\n<p>Bienvenue sur notre plateforme d\u00e9di\u00e9e au suivi et \u00e0 l\u2019analyse de l\u2019actualit\u00e9 li\u00e9e au conflit en Iran. Dans un contexte international en constante \u00e9volution, notre objectif est de vous fournir une information claire, fiable et accessible afin de mieux comprendre les enjeux politiques, \u00e9conomiques et humanitaires de cette situation complexe.<\/p>\n\n\n\n<hr class=\"wp-block-separator has-alpha-channel-opacity\"\/>\n\n\n\n<h2 class=\"wp-block-heading\">\ud83d\udcf0Une information claire et structur\u00e9e<\/h2>\n\n\n\n<p>Le conflit en Iran s\u2019inscrit dans un environnement g\u00e9opolitique sensible, o\u00f9 s\u2019entrem\u00ealent tensions internes, rivalit\u00e9s r\u00e9gionales et r\u00e9actions internationales. Face \u00e0 la multiplication des informations et des opinions, il devient essentiel de distinguer les faits v\u00e9rifi\u00e9s des interpr\u00e9tations h\u00e2tives.<\/p>\n\n\n\n<p>Notre site vous propose :<\/p>\n\n\n\n<ul class=\"wp-block-list\">\n<li>Des articles d\u2019actualit\u00e9 r\u00e9guli\u00e8rement mis \u00e0 jour<\/li>\n\n\n\n<li>Des analyses approfondies pour d\u00e9crypter les \u00e9v\u00e9nements<\/li>\n\n\n\n<li>Des dossiers th\u00e9matiques pour comprendre les enjeux<\/li>\n\n\n\n<li>Un suivi des r\u00e9actions diplomatiques internationales<\/li>\n<\/ul>\n\n\n\n<hr class=\"wp-block-separator has-alpha-channel-opacity\"\/>\n\n\n\n<h2 class=\"wp-block-heading\">\ud83d\udcca Les enjeux majeurs<\/h2>\n\n\n\n<p>Le conflit ne se limite pas aux affrontements sur le terrain. Il soul\u00e8ve des questions fondamentales :<\/p>\n\n\n\n<ul class=\"wp-block-list\">\n<li>La stabilit\u00e9 du Moyen-Orient<\/li>\n\n\n\n<li>L\u2019impact sur l\u2019\u00e9conomie r\u00e9gionale et mondiale<\/li>\n\n\n\n<li>Les cons\u00e9quences humanitaires pour les populations civiles<\/li>\n\n\n\n<li>Les perspectives de dialogue et de r\u00e9solution diplomatique<\/li>\n<\/ul>\n\n\n\n<p>Nous mettons en perspective ces diff\u00e9rents aspects afin d\u2019offrir une vision globale et nuanc\u00e9e de la situation.<\/p>\n\n\n\n<hr class=\"wp-block-separator has-alpha-channel-opacity\"\/>\n\n\n\n<h2 class=\"wp-block-heading\">\ud83c\udfaf Notre mission<\/h2>\n\n\n\n<p>Notre mission est simple : informer avec rigueur et neutralit\u00e9.<br>Nous nous engageons \u00e0 analyser les faits en croisant plusieurs sources fiables, afin de proposer une lecture \u00e9quilibr\u00e9e des \u00e9v\u00e9nements.<\/p>\n\n\n\n<p>Dans un monde o\u00f9 l\u2019information circule rapidement, nous privil\u00e9gions :<\/p>\n\n\n\n<ul class=\"wp-block-list\">\n<li>La v\u00e9rification des donn\u00e9es<\/li>\n\n\n\n<li>La contextualisation des faits<\/li>\n\n\n\n<li>Le respect des populations concern\u00e9es<\/li>\n<\/ul>\n\n\n\n<hr class=\"wp-block-separator has-alpha-channel-opacity\"\/>\n\n\n\n<h2 class=\"wp-block-heading\">\ud83d\udd0e Explorez nos contenus<\/h2>\n\n\n\n<p>\ud83d\udc49 Consultez nos derniers articles dans la rubrique Blog<br>\ud83d\udc49 D\u00e9couvrez notre analyse compl\u00e8te dans la section \u00c0 propos<br>\ud83d\udc49 Contactez-nous pour toute question ou suggestion<\/p>\n","protected":false},"excerpt":{"rendered":"<p>\ud83c\udf0d Guerre en Iran Comprendre. Analyser. Informer. Bienvenue sur notre plateforme d\u00e9di\u00e9e au suivi et \u00e0 l\u2019analyse de l\u2019actualit\u00e9 li\u00e9e [&hellip;]<\/p>\n","protected":false},"author":1,"featured_media":0,"parent":0,"menu_order":0,"comment_status":"closed","ping_status":"closed","template":"","meta":{"_uag_custom_page_level_css":"","site-sidebar-layout":"no-sidebar","site-content-layout":"plain-container","ast-site-content-layout":"default","site-content-style":"default","site-sidebar-style":"default","ast-global-header-display":"","ast-banner-title-visibility":"","ast-main-header-display":"","ast-hfb-above-header-display":"","ast-hfb-below-header-display":"","ast-hfb-mobile-header-display":"","site-post-title":"disabled","ast-breadcrumbs-content":"","ast-featured-img":"","footer-sml-layout":"","ast-disable-related-posts":"","theme-transparent-header-meta":"enabled","adv-header-id-meta":"","stick-header-meta":"","header-above-stick-meta":"","header-main-stick-meta":"","header-below-stick-meta":"","astra-migrate-meta-layouts":"default","ast-page-background-enabled":"default","ast-page-background-meta":{"desktop":{"background-color":"var(--ast-global-color-5)","background-image":"","background-repeat":"repeat","background-position":"center center","background-size":"auto","background-attachment":"scroll","background-type":"","background-media":"","overlay-type":"","overlay-color":"","overlay-opacity":"","overlay-gradient":""},"tablet":{"background-color":"","background-image":"","background-repeat":"repeat","background-position":"center center","background-size":"auto","background-attachment":"scroll","background-type":"","background-media":"","overlay-type":"","overlay-color":"","overlay-opacity":"","overlay-gradient":""},"mobile":{"background-color":"","background-image":"","background-repeat":"repeat","background-position":"center center","background-size":"auto","background-attachment":"scroll","background-type":"","background-media":"","overlay-type":"","overlay-color":"","overlay-opacity":"","overlay-gradient":""}},"ast-content-background-meta":{"desktop":{"background-color":"var(--ast-global-color-4)","background-image":"","background-repeat":"repeat","background-position":"center center","background-size":"auto","background-attachment":"scroll","background-type":"","background-media":"","overlay-type":"","overlay-color":"","overlay-opacity":"","overlay-gradient":""},"tablet":{"background-color":"var(--ast-global-color-4)","background-image":"","background-repeat":"repeat","background-position":"center center","background-size":"auto","background-attachment":"scroll","background-type":"","background-media":"","overlay-type":"","overlay-color":"","overlay-opacity":"","overlay-gradient":""},"mobile":{"background-color":"var(--ast-global-color-4)","background-image":"","background-repeat":"repeat","background-position":"center center","background-size":"auto","background-attachment":"scroll","background-type":"","background-media":"","overlay-type":"","overlay-color":"","overlay-opacity":"","overlay-gradient":""}},"footnotes":""},"class_list":["post-12","page","type-page","status-publish","hentry"],"yoast_head":"<!-- This site is optimized with the Yoast SEO plugin v27.0 - https:\/\/yoast.com\/product\/yoast-seo-wordpress\/ -->\n<title>Page d&#039;accueil - Guerre en Iran<\/title>\n<meta name=\"robots\" content=\"index, follow, max-snippet:-1, max-image-preview:large, max-video-preview:-1\" \/>\n<link rel=\"canonical\" href=\"https:\/\/site21.monsitecommeunpro.fr\/\" \/>\n<meta property=\"og:locale\" content=\"fr_FR\" \/>\n<meta property=\"og:type\" content=\"article\" \/>\n<meta property=\"og:title\" content=\"Page d&#039;accueil - Guerre en Iran\" \/>\n<meta property=\"og:description\" content=\"\ud83c\udf0d Guerre en Iran Comprendre. Analyser. Informer. Bienvenue sur notre plateforme d\u00e9di\u00e9e au suivi et \u00e0 l\u2019analyse de l\u2019actualit\u00e9 li\u00e9e [&hellip;]\" \/>\n<meta property=\"og:url\" content=\"https:\/\/site21.monsitecommeunpro.fr\/\" \/>\n<meta property=\"og:site_name\" content=\"Guerre en Iran\" \/>\n<meta property=\"article:modified_time\" content=\"2026-03-16T09:29:23+00:00\" \/>\n<meta name=\"twitter:card\" content=\"summary_large_image\" \/>\n<meta name=\"twitter:label1\" content=\"Dur\u00e9e de lecture estim\u00e9e\" \/>\n\t<meta name=\"twitter:data1\" content=\"2 minutes\" \/>\n<script type=\"application\/ld+json\" class=\"yoast-schema-graph\">{\"@context\":\"https:\/\/schema.org\",\"@graph\":[{\"@type\":\"WebPage\",\"@id\":\"https:\/\/site21.monsitecommeunpro.fr\/\",\"url\":\"https:\/\/site21.monsitecommeunpro.fr\/\",\"name\":\"Page d'accueil - Guerre en Iran\",\"isPartOf\":{\"@id\":\"https:\/\/site21.monsitecommeunpro.fr\/#website\"},\"datePublished\":\"2026-03-02T07:45:53+00:00\",\"dateModified\":\"2026-03-16T09:29:23+00:00\",\"breadcrumb\":{\"@id\":\"https:\/\/site21.monsitecommeunpro.fr\/#breadcrumb\"},\"inLanguage\":\"fr-FR\",\"potentialAction\":[{\"@type\":\"ReadAction\",\"target\":[\"https:\/\/site21.monsitecommeunpro.fr\/\"]}]},{\"@type\":\"BreadcrumbList\",\"@id\":\"https:\/\/site21.monsitecommeunpro.fr\/#breadcrumb\",\"itemListElement\":[{\"@type\":\"ListItem\",\"position\":1,\"name\":\"Accueil\",\"item\":\"https:\/\/site21.monsitecommeunpro.fr\/\"},{\"@type\":\"ListItem\",\"position\":2,\"name\":\"Page d&rsquo;accueil\"}]},{\"@type\":\"WebSite\",\"@id\":\"https:\/\/site21.monsitecommeunpro.fr\/#website\",\"url\":\"https:\/\/site21.monsitecommeunpro.fr\/\",\"name\":\"Guerre en Iran\",\"description\":\"\",\"publisher\":{\"@id\":\"https:\/\/site21.monsitecommeunpro.fr\/#organization\"},\"potentialAction\":[{\"@type\":\"SearchAction\",\"target\":{\"@type\":\"EntryPoint\",\"urlTemplate\":\"https:\/\/site21.monsitecommeunpro.fr\/?s={search_term_string}\"},\"query-input\":{\"@type\":\"PropertyValueSpecification\",\"valueRequired\":true,\"valueName\":\"search_term_string\"}}],\"inLanguage\":\"fr-FR\"},{\"@type\":\"Organization\",\"@id\":\"https:\/\/site21.monsitecommeunpro.fr\/#organization\",\"name\":\"Guerre en Iran\",\"url\":\"https:\/\/site21.monsitecommeunpro.fr\/\",\"logo\":{\"@type\":\"ImageObject\",\"inLanguage\":\"fr-FR\",\"@id\":\"https:\/\/site21.monsitecommeunpro.fr\/#\/schema\/logo\/image\/\",\"url\":\"https:\/\/site21.monsitecommeunpro.fr\/wp-content\/uploads\/2026\/03\/web-nataasha.jpg\",\"contentUrl\":\"https:\/\/site21.monsitecommeunpro.fr\/wp-content\/uploads\/2026\/03\/web-nataasha.jpg\",\"width\":1400,\"height\":750,\"caption\":\"Guerre en Iran \"},\"image\":{\"@id\":\"https:\/\/site21.monsitecommeunpro.fr\/#\/schema\/logo\/image\/\"}}]}<\/script>\n<!-- \/ Yoast SEO plugin. -->","yoast_head_json":{"title":"Page d'accueil - Guerre en Iran","robots":{"index":"index","follow":"follow","max-snippet":"max-snippet:-1","max-image-preview":"max-image-preview:large","max-video-preview":"max-video-preview:-1"},"canonical":"https:\/\/site21.monsitecommeunpro.fr\/","og_locale":"fr_FR","og_type":"article","og_title":"Page d'accueil - Guerre en Iran","og_description":"\ud83c\udf0d Guerre en Iran Comprendre. Analyser. Informer. Bienvenue sur notre plateforme d\u00e9di\u00e9e au suivi et \u00e0 l\u2019analyse de l\u2019actualit\u00e9 li\u00e9e [&hellip;]","og_url":"https:\/\/site21.monsitecommeunpro.fr\/","og_site_name":"Guerre en Iran","article_modified_time":"2026-03-16T09:29:23+00:00","twitter_card":"summary_large_image","twitter_misc":{"Dur\u00e9e de lecture estim\u00e9e":"2 minutes"},"schema":{"@context":"https:\/\/schema.org","@graph":[{"@type":"WebPage","@id":"https:\/\/site21.monsitecommeunpro.fr\/","url":"https:\/\/site21.monsitecommeunpro.fr\/","name":"Page d'accueil - Guerre en Iran","isPartOf":{"@id":"https:\/\/site21.monsitecommeunpro.fr\/#website"},"datePublished":"2026-03-02T07:45:53+00:00","dateModified":"2026-03-16T09:29:23+00:00","breadcrumb":{"@id":"https:\/\/site21.monsitecommeunpro.fr\/#breadcrumb"},"inLanguage":"fr-FR","potentialAction":[{"@type":"ReadAction","target":["https:\/\/site21.monsitecommeunpro.fr\/"]}]},{"@type":"BreadcrumbList","@id":"https:\/\/site21.monsitecommeunpro.fr\/#breadcrumb","itemListElement":[{"@type":"ListItem","position":1,"name":"Accueil","item":"https:\/\/site21.monsitecommeunpro.fr\/"},{"@type":"ListItem","position":2,"name":"Page d&rsquo;accueil"}]},{"@type":"WebSite","@id":"https:\/\/site21.monsitecommeunpro.fr\/#website","url":"https:\/\/site21.monsitecommeunpro.fr\/","name":"Guerre en Iran","description":"","publisher":{"@id":"https:\/\/site21.monsitecommeunpro.fr\/#organization"},"potentialAction":[{"@type":"SearchAction","target":{"@type":"EntryPoint","urlTemplate":"https:\/\/site21.monsitecommeunpro.fr\/?s={search_term_string}"},"query-input":{"@type":"PropertyValueSpecification","valueRequired":true,"valueName":"search_term_string"}}],"inLanguage":"fr-FR"},{"@type":"Organization","@id":"https:\/\/site21.monsitecommeunpro.fr\/#organization","name":"Guerre en Iran","url":"https:\/\/site21.monsitecommeunpro.fr\/","logo":{"@type":"ImageObject","inLanguage":"fr-FR","@id":"https:\/\/site21.monsitecommeunpro.fr\/#\/schema\/logo\/image\/","url":"https:\/\/site21.monsitecommeunpro.fr\/wp-content\/uploads\/2026\/03\/web-nataasha.jpg","contentUrl":"https:\/\/site21.monsitecommeunpro.fr\/wp-content\/uploads\/2026\/03\/web-nataasha.jpg","width":1400,"height":750,"caption":"Guerre en Iran "},"image":{"@id":"https:\/\/site21.monsitecommeunpro.fr\/#\/schema\/logo\/image\/"}}]}},"uagb_featured_image_src":{"full":false,"thumbnail":false,"medium":false,"medium_large":false,"large":false,"1536x1536":false,"2048x2048":false},"uagb_author_info":{"display_name":"admin","author_link":"https:\/\/site21.monsitecommeunpro.fr\/?author=1"},"uagb_comment_info":0,"uagb_excerpt":"\ud83c\udf0d Guerre en Iran Comprendre. Analyser. Informer. Bienvenue sur notre plateforme d\u00e9di\u00e9e au suivi et \u00e0 l\u2019analyse de l\u2019actualit\u00e9 li\u00e9e [&hellip;]","_links":{"self":[{"href":"https:\/\/site21.monsitecommeunpro.fr\/index.php?rest_route=\/wp\/v2\/pages\/12","targetHints":{"allow":["GET"]}}],"collection":[{"href":"https:\/\/site21.monsitecommeunpro.fr\/index.php?rest_route=\/wp\/v2\/pages"}],"about":[{"href":"https:\/\/site21.monsitecommeunpro.fr\/index.php?rest_route=\/wp\/v2\/types\/page"}],"author":[{"embeddable":true,"href":"https:\/\/site21.monsitecommeunpro.fr\/index.php?rest_route=\/wp\/v2\/users\/1"}],"replies":[{"embeddable":true,"href":"https:\/\/site21.monsitecommeunpro.fr\/index.php?rest_route=%2Fwp%2Fv2%2Fcomments&post=12"}],"version-history":[{"count":4,"href":"https:\/\/site21.monsitecommeunpro.fr\/index.php?rest_route=\/wp\/v2\/pages\/12\/revisions"}],"predecessor-version":[{"id":146,"href":"https:\/\/site21.monsitecommeunpro.fr\/index.php?rest_route=\/wp\/v2\/pages\/12\/revisions\/146"}],"wp:attachment":[{"href":"https:\/\/site21.monsitecommeunpro.fr\/index.php?rest_route=%2Fwp%2Fv2%2Fmedia&parent=12"}],"curies":[{"name":"wp","href":"https:\/\/api.w.org\/{rel}","templated":true}]}}

<h1 class="wp-block-heading">🌍 Guerre en Iran</h1>



<div class="wp-block-uagb-image uagb-block-684cf155 wp-block-uagb-image--layout-default wp-block-uagb-image--effect-static wp-block-uagb-image--align-none"><figure class="wp-block-uagb-image__figure"></figure></div>



<h2 class="wp-block-heading">Comprendre. Analyser. Informer.</h2>



<p>Bienvenue sur notre plateforme dédiée au suivi et à l’analyse de l’actualité liée au conflit en Iran. Dans un contexte international en constante évolution, notre objectif est de vous fournir une information claire, fiable et accessible afin de mieux comprendre les enjeux politiques, économiques et humanitaires de cette situation complexe.</p>



<hr class="wp-block-separator has-alpha-channel-opacity"/>



<h2 class="wp-block-heading">📰Une information claire et structurée</h2>



<p>Le conflit en Iran s’inscrit dans un environnement géopolitique sensible, où s’entremêlent tensions internes, rivalités régionales et réactions internationales. Face à la multiplication des informations et des opinions, il devient essentiel de distinguer les faits vérifiés des interprétations hâtives.</p>



<p>Notre site vous propose :</p>



<ul class="wp-block-list">
<li>Des articles d’actualité régulièrement mis à jour</li>



<li>Des analyses approfondies pour décrypter les événements</li>



<li>Des dossiers thématiques pour comprendre les enjeux</li>



<li>Un suivi des réactions diplomatiques internationales</li>
</ul>



<hr class="wp-block-separator has-alpha-channel-opacity"/>



<h2 class="wp-block-heading">📊 Les enjeux majeurs</h2>



<p>Le conflit ne se limite pas aux affrontements sur le terrain. Il soulève des questions fondamentales :</p>



<ul class="wp-block-list">
<li>La stabilité du Moyen-Orient</li>



<li>L’impact sur l’économie régionale et mondiale</li>



<li>Les conséquences humanitaires pour les populations civiles</li>



<li>Les perspectives de dialogue et de résolution diplomatique</li>
</ul>



<p>Nous mettons en perspective ces différents aspects afin d’offrir une vision globale et nuancée de la situation.</p>



<hr class="wp-block-separator has-alpha-channel-opacity"/>



<h2 class="wp-block-heading">🎯 Notre mission</h2>



<p>Notre mission est simple : informer avec rigueur et neutralité.<br>Nous nous engageons à analyser les faits en croisant plusieurs sources fiables, afin de proposer une lecture équilibrée des événements.</p>



<p>Dans un monde où l’information circule rapidement, nous privilégions :</p>



<ul class="wp-block-list">
<li>La vérification des données</li>



<li>La contextualisation des faits</li>



<li>Le respect des populations concernées</li>
</ul>



<hr class="wp-block-separator has-alpha-channel-opacity"/>



<h2 class="wp-block-heading">🔎 Explorez nos contenus</h2>



<p>👉 Consultez nos derniers articles dans la rubrique Blog<br>👉 Découvrez notre analyse complète dans la section À propos<br>👉 Contactez-nous pour toute question ou suggestion</p>

<p>🌍 Guerre en Iran Comprendre. Analyser. Informer. Bienvenue sur notre plateforme dédiée au suivi et à l’analyse de l’actualité liée [&hellip;]</p>

<!-- This site is optimized with the Yoast SEO plugin v27.0 - https://yoast.com/product/yoast-seo-wordpress/ -->
<title>Page d&#039;accueil - Guerre en Iran</title>
<meta name="robots" content="index, follow, max-snippet:-1, max-image-preview:large, max-video-preview:-1" />
<link rel="canonical" href="https://site21.monsitecommeunpro.fr/" />
<meta property="og:locale" content="fr_FR" />
<meta property="og:type" content="article" />
<meta property="og:title" content="Page d&#039;accueil - Guerre en Iran" />
<meta property="og:description" content="🌍 Guerre en Iran Comprendre. Analyser. Informer. Bienvenue sur notre plateforme dédiée au suivi et à l’analyse de l’actualité liée [&hellip;]" />
<meta property="og:url" content="https://site21.monsitecommeunpro.fr/" />
<meta property="og:site_name" content="Guerre en Iran" />
<meta property="article:modified_time" content="2026-03-16T09:29:23+00:00" />
<meta name="twitter:card" content="summary_large_image" />
<meta name="twitter:label1" content="Durée de lecture estimée" />
	<meta name="twitter:data1" content="2 minutes" />
<script type="application/ld+json" class="yoast-schema-graph">{"@context":"https://schema.org","@graph":[{"@type":"WebPage","@id":"https://site21.monsitecommeunpro.fr/","url":"https://site21.monsitecommeunpro.fr/","name":"Page d'accueil - Guerre en Iran","isPartOf":{"@id":"https://site21.monsitecommeunpro.fr/#website"},"datePublished":"2026-03-02T07:45:53+00:00","dateModified":"2026-03-16T09:29:23+00:00","breadcrumb":{"@id":"https://site21.monsitecommeunpro.fr/#breadcrumb"},"inLanguage":"fr-FR","potentialAction":[{"@type":"ReadAction","target":["https://site21.monsitecommeunpro.fr/"]}]},{"@type":"BreadcrumbList","@id":"https://site21.monsitecommeunpro.fr/#breadcrumb","itemListElement":[{"@type":"ListItem","position":1,"name":"Accueil","item":"https://site21.monsitecommeunpro.fr/"},{"@type":"ListItem","position":2,"name":"Page d&rsquo;accueil"}]},{"@type":"WebSite","@id":"https://site21.monsitecommeunpro.fr/#website","url":"https://site21.monsitecommeunpro.fr/","name":"Guerre en Iran","description":"","publisher":{"@id":"https://site21.monsitecommeunpro.fr/#organization"},"potentialAction":[{"@type":"SearchAction","target":{"@type":"EntryPoint","urlTemplate":"https://site21.monsitecommeunpro.fr/?s={search_term_string}"},"query-input":{"@type":"PropertyValueSpecification","valueRequired":true,"valueName":"search_term_string"}}],"inLanguage":"fr-FR"},{"@type":"Organization","@id":"https://site21.monsitecommeunpro.fr/#organization","name":"Guerre en Iran","url":"https://site21.monsitecommeunpro.fr/","logo":{"@type":"ImageObject","inLanguage":"fr-FR","@id":"https://site21.monsitecommeunpro.fr/#/schema/logo/image/","url":"https://site21.monsitecommeunpro.fr/wp-content/uploads/2026/03/web-nataasha.jpg","contentUrl":"https://site21.monsitecommeunpro.fr/wp-content/uploads/2026/03/web-nataasha.jpg","width":1400,"height":750,"caption":"Guerre en Iran "},"image":{"@id":"https://site21.monsitecommeunpro.fr/#/schema/logo/image/"}}]}</script>
<!-- / Yoast SEO plugin. -->

🌍 Guerre en Iran Comprendre. Analyser. Informer. Bienvenue sur notre plateforme dédiée au suivi et à l’analyse de l’actualité liée [&hellip;]
